[Tue Aug 18 12:53:09.741038 2026] [security2:error] [pid 66623:tid 66825] [client 192.141.172.134:49714] ModSecurity: Access denied with code 409 (phase 1). RBL lookup of 134.172.141.192.testwprbl.websitewelcome.com succeeded at REMOTE_ADDR. [file "/opt/mod_security/hg_rules.conf"] [line "176"] [id "900407"] [msg "Wordpress and Joomla Brute RBL: testwprbl.websitewelcome.com"] [hostname "natyou.com.br"] [uri "/xmlrpc.php"] [unique_id "aoR_5dO5rbWdOArH04J1uQAAAUU"]
[Tue Aug 18 12:53:09.741186 2026] [security2:error] [pid 66623:tid 66825] [client 192.141.172.134:49714] ModSecurity: Warning. Pattern match "POST" at REQUEST_METHOD. [file "/opt/mod_security/hg_rules.conf"] [line "151"] [id "900405"] [msg "xmlrpc POST logging"] [data "409"] [hostname "natyou.com.br"] [uri "/xmlrpc.php"] [unique_id "aoR_5dO5rbWdOArH04J1uQAAAUU"]
[Tue Aug 18 12:53:09.747352 2026] [autoindex:error] [pid 66623:tid 66793] [client 4.223.164.152:46149] AH01276: Cannot serve directory /home2/veloxx/public_html/wp-admin/css/colors/modern/: No matching DirectoryIndex (index.html.var,index.htm,index.html,index.shtml,index.xhtml,index.wml,index.perl,index.pl,index.plx,index.ppl,index.cgi,index.jsp,index.js,index.jp,index.php4,index.php3,index.php,index.phtml,default.htm,default.html,home.htm,index.php5,Default.html,Default.htm,home.html) found, and server-generated directory index forbidden by Options directive
[Tue Aug 18 12:53:09.804764 2026] [security2:error] [pid 66623:tid 66810] [client 20.119.58.187:15357] ModSecurity: Access denied with code 409 (phase 1). RBL lookup of 187.58.119.20.vulnscan.websitewelcome.com succeeded at REMOTE_ADDR. [file "/opt/mod_security/hg_rules.conf"] [line "1566"] [id "900933"] [msg "Vulnerability Scan RBL: vulnscan.websitewelcome.com"] [hostname "whm.raben.xyz"] [uri "/admin-post.php"] [unique_id "aoR_5dO5rbWdOArH04J1vQAAATY"]
[Tue Aug 18 12:53:09.811965 2026] [security2:error] [pid 66623:tid 66641] [remote 57.141.22.92:45366] ModSecurity: Access denied with code 409 (phase 1). RBL lookup of 92.22.141.57.vulnscan.websitewelcome.com succeeded at REMOTE_ADDR. [file "/opt/mod_security/hg_rules.conf"] [line "1566"] [id "900933"] [msg "Vulnerability Scan RBL: vulnscan.websitewelcome.com"] [hostname "bioarquitetar.com"] [uri "/2025/08/17/depuis-l-avenement-des-plateformes-numeriques-l-industrie-du-jeu-en-ligne-a-connu-une-croissance-ex/feed/"] [unique_id "aoR_5dO5rbWdOArH04J1wAABhgQ"]
[Tue Aug 18 12:53:09.818782 2026] [authz_core:error] [pid 66623:tid 66843] [client 192.178.4.133:64201] AH01630: client denied by server configuration: /home1/bioarquitetar/public_html/index.php4
[Tue Aug 18 12:53:09.819032 2026] [authz_core:error] [pid 66623:tid 66843] [client 192.178.4.133:64201] AH01630: client denied by server configuration: /home1/bioarquitetar/public_html/index.php3
[Tue Aug 18 12:53:09.856107 2026] [security2:error] [pid 66623:tid 66649] [remote 57.141.22.18:25404] ModSecurity: Access denied with code 409 (phase 1). RBL lookup of 18.22.141.57.vulnscan.websitewelcome.com succeeded at REMOTE_ADDR. [file "/opt/mod_security/hg_rules.conf"] [line "1566"] [id "900933"] [msg "Vulnerability Scan RBL: vulnscan.websitewelcome.com"] [hostname "bioarquitetar.com"] [uri "/2025/08/17/depuis-l-avenement-des-plateformes-numeriques-l-industrie-du-jeu-en-ligne-a-connu-une-croissance-ex/feed/"] [unique_id "aoR_5dO5rbWdOArH04J10AABHww"]
[Tue Aug 18 12:53:09.856527 2026] [security2:error] [pid 66623:tid 66663] [remote 20.250.27.191:0] ModSecurity: Access denied with code 409 (phase 1). RBL lookup of 191.27.250.20.vulnscan.websitewelcome.com succeeded at REMOTE_ADDR. [file "/opt/mod_security/hg_rules.conf"] [line "1566"] [id "900933"] [msg "Vulnerability Scan RBL: vulnscan.websitewelcome.com"] [hostname "paypix.co"] [uri "/wp-content/plugins/hellopress/wp_filemanager.php"] [unique_id "aoR_5dO5rbWdOArH04J11gABFho"]
[Tue Aug 18 12:53:09.866978 2026] [authz_core:error] [pid 66623:tid 66652] [remote 216.73.216.206:18307] AH01630: client denied by server configuration: /home1/bioarquitetar/public_html/index.php4
[Tue Aug 18 12:53:09.867513 2026] [authz_core:error] [pid 66623:tid 66652] [remote 216.73.216.206:18307] AH01630: client denied by server configuration: /home1/bioarquitetar/public_html/index.php3
[Tue Aug 18 12:53:09.871467 2026] [authz_core:error] [pid 66623:tid 66661] [remote 216.73.216.206:18307] AH01630: client denied by server configuration: /home1/bioarquitetar/public_html/index.php4
[Tue Aug 18 12:53:09.871980 2026] [authz_core:error] [pid 66623:tid 66661] [remote 216.73.216.206:18307] AH01630: client denied by server configuration: /home1/bioarquitetar/public_html/index.php3
[Tue Aug 18 12:53:09.895835 2026] [security2:error] [pid 66623:tid 66800] [client 158.158.74.177:13803] ModSecurity: Access denied with code 409 (phase 1). RBL lookup of 177.74.158.158.vulnscan.websitewelcome.com succeeded at REMOTE_ADDR. [file "/opt/mod_security/hg_rules.conf"] [line "1566"] [id "900933"] [msg "Vulnerability Scan RBL: vulnscan.websitewelcome.com"] [hostname "mail.anmultimarcas.com.br"] [uri "/include/Lurd.class.php"] [unique_id "aoR_5dO5rbWdOArH04J15wAAASw"]
[Tue Aug 18 12:53:09.903755 2026] [security2:error] [pid 66623:tid 66677] [remote 57.141.22.7:26564] ModSecurity: Access denied with code 409 (phase 1). RBL lookup of 7.22.141.57.vulnscan.websitewelcome.com succeeded at REMOTE_ADDR. [file "/opt/mod_security/hg_rules.conf"] [line "1566"] [id "900933"] [msg "Vulnerability Scan RBL: vulnscan.websitewelcome.com"] [hostname "bioarquitetar.com"] [uri "/2025/08/17/depuis-l-avenement-des-plateformes-numeriques-l-industrie-du-jeu-en-ligne-a-connu-une-croissance-ex/feed/"] [unique_id "aoR_5dO5rbWdOArH04J16QABaSg"]
[Tue Aug 18 12:53:09.955785 2026] [autoindex:error] [pid 66623:tid 66869] [client 20.91.215.254:12614] AH01276: Cannot serve directory /home3/aceunai/public_html/abraceocomerciodeunai.com.br/: No matching DirectoryIndex (index.html.var,index.htm,index.html,index.shtml,index.xhtml,index.wml,index.perl,index.pl,index.plx,index.ppl,index.cgi,index.jsp,index.js,index.jp,index.php4,index.php3,index.php,index.phtml,default.htm,default.html,home.htm,index.php5,Default.html,Default.htm,home.html) found, and server-generated directory index forbidden by Options directive
[Tue Aug 18 12:53:09.973232 2026] [security2:error] [pid 66623:tid 66679] [remote 159.69.192.98:33246] ModSecurity: Access denied with code 409 (phase 1). RBL lookup of 98.192.69.159.testwprbl.websitewelcome.com succeeded at REMOTE_ADDR. [file "/opt/mod_security/hg_rules.conf"] [line "176"] [id "900407"] [msg "Wordpress and Joomla Brute RBL: testwprbl.websitewelcome.com"] [hostname "mail.capecodcleaningservice.com"] [uri "/wp-login.php"] [unique_id "aoR_5dO5rbWdOArH04J18AABbSo"]
[Tue Aug 18 12:53:09.984271 2026] [security2:error] [pid 66623:tid 66779] [client 20.100.177.66:0] ModSecurity: Access denied with code 409 (phase 1). RBL lookup of 66.177.100.20.vulnscan.websitewelcome.com succeeded at REMOTE_ADDR. [file "/opt/mod_security/hg_rules.conf"] [line "1566"] [id "900933"] [msg "Vulnerability Scan RBL: vulnscan.websitewelcome.com"] [hostname "mail.danielimoveispva.com.br"] [uri "/wp-content/plugins/hellopress/wp_filemanager.php"] [unique_id "aoR_5dO5rbWdOArH04J18wAAARc"]
[Tue Aug 18 12:53:10.021323 2026] [security2:error] [pid 66623:tid 66690] [remote 20.250.27.191:0] ModSecurity: Access denied with code 409 (phase 1). RBL lookup of 191.27.250.20.vulnscan.websitewelcome.com succeeded at REMOTE_ADDR. [file "/opt/mod_security/hg_rules.conf"] [line "1566"] [id "900933"] [msg "Vulnerability Scan RBL: vulnscan.websitewelcome.com"] [hostname "paypix.co"] [uri "/this_is_a_new_hello_world.php"] [unique_id "aoR_5tO5rbWdOArH04J1-wABWTU"]
[Tue Aug 18 12:53:10.028561 2026] [security2:error] [pid 66623:tid 66841] [client 213.35.127.232:62460] ModSecurity: Access denied with code 409 (phase 1). RBL lookup of 232.127.35.213.vulnscan.websitewelcome.com succeeded at REMOTE_ADDR. [file "/opt/mod_security/hg_rules.conf"] [line "1566"] [id "900933"] [msg "Vulnerability Scan RBL: vulnscan.websitewelcome.com"] [hostname "wondermoving.com"] [uri "/wp-admin/plugins.php"] [unique_id "aoR_5tO5rbWdOArH04J1_wAAAVU"], referer: https://wondermoving.com/wp-login.php
[Tue Aug 18 12:53:10.033780 2026] [security2:error] [pid 66623:tid 66838] [client 20.42.19.40:2212] ModSecurity: Access denied with code 409 (phase 1). RBL lookup of 40.19.42.20.vulnscan.websitewelcome.com succeeded at REMOTE_ADDR. [file "/opt/mod_security/hg_rules.conf"] [line "1566"] [id "900933"] [msg "Vulnerability Scan RBL: vulnscan.websitewelcome.com"] [hostname "autodiscover.pousadarecantofeliz.com"] [uri "/simple.php"] [unique_id "aoR_5tO5rbWdOArH04J2AgAAAVI"]
[Tue Aug 18 12:53:10.035857 2026] [security2:error] [pid 66623:tid 66845] [client 132.196.30.78:0] ModSecurity: Access denied with code 409 (phase 1). RBL lookup of 78.30.196.132.vulnscan.websitewelcome.com succeeded at REMOTE_ADDR. [file "/opt/mod_security/hg_rules.conf"] [line "1566"] [id "900933"] [msg "Vulnerability Scan RBL: vulnscan.websitewelcome.com"] [hostname "mail.nsimoveis.com.br"] [uri "/wp-admin/wp.php"] [unique_id "aoR_5tO5rbWdOArH04J2AwAAAVk"]
[Tue Aug 18 12:53:10.043016 2026] [security2:error] [pid 66623:tid 66830] [client 52.139.47.57:39517] ModSecurity: Access denied with code 409 (phase 1). RBL lookup of 57.47.139.52.vulnscan.websitewelcome.com succeeded at REMOTE_ADDR. [file "/opt/mod_security/hg_rules.conf"] [line "1566"] [id "900933"] [msg "Vulnerability Scan RBL: vulnscan.websitewelcome.com"] [hostname "viacentroveiculos.com.br"] [uri "/pwnd/as.php"] [unique_id "aoR_5tO5rbWdOArH04J2BAAAAUo"]
[Tue Aug 18 12:53:10.069551 2026] [security2:error] [pid 66623:tid 66845] [client 132.196.61.152:54757] ModSecurity: Access denied with code 409 (phase 1). RBL lookup of 152.61.196.132.vulnscan.websitewelcome.com succeeded at REMOTE_ADDR. [file "/opt/mod_security/hg_rules.conf"] [line "1566"] [id "900933"] [msg "Vulnerability Scan RBL: vulnscan.websitewelcome.com"] [hostname "cpcontacts.rkveiculos.com"] [uri "/adminner.php"] [unique_id "aoR_5tO5rbWdOArH04J2CQAAAVk"]
[Tue Aug 18 12:53:10.108596 2026] [security2:error] [pid 66623:tid 66830] [client 192.141.172.134:50021] ModSecurity: Access denied with code 409 (phase 1). RBL lookup of 134.172.141.192.testwprbl.websitewelcome.com succeeded at REMOTE_ADDR. [file "/opt/mod_security/hg_rules.conf"] [line "176"] [id "900407"] [msg "Wordpress and Joomla Brute RBL: testwprbl.websitewelcome.com"] [hostname "lojaodovidraceiro.com"] [uri "/xmlrpc.php"] [unique_id "aoR_5tO5rbWdOArH04J2DgAAAUo"]
[Tue Aug 18 12:53:10.108902 2026] [security2:error] [pid 66623:tid 66830] [client 192.141.172.134:50021] ModSecurity: Warning. Pattern match "POST" at REQUEST_METHOD. [file "/opt/mod_security/hg_rules.conf"] [line "151"] [id "900405"] [msg "xmlrpc POST logging"] [data "409"] [hostname "lojaodovidraceiro.com"] [uri "/xmlrpc.php"] [unique_id "aoR_5tO5rbWdOArH04J2DgAAAUo"]
[Tue Aug 18 12:53:10.117368 2026] [security2:error] [pid 66623:tid 66787] [client 68.221.73.131:4308] ModSecurity: Access denied with code 409 (phase 1). RBL lookup of 131.73.221.68.vulnscan.websitewelcome.com succeeded at REMOTE_ADDR. [file "/opt/mod_security/hg_rules.conf"] [line "1566"] [id "900933"] [msg "Vulnerability Scan RBL: vulnscan.websitewelcome.com"] [hostname "autodiscover.rotta101.com.br"] [uri "/adminner.php"] [unique_id "aoR_5tO5rbWdOArH04J2DwAAAR8"]
[Tue Aug 18 12:53:10.127756 2026] [security2:error] [pid 66623:tid 66702] [remote 66.102.134.13:49070] ModSecurity: Access denied with code 409 (phase 1). RBL lookup of 13.134.102.66.testwprbl.websitewelcome.com succeeded at REMOTE_ADDR. [file "/opt/mod_security/hg_rules.conf"] [line "176"] [id "900407"] [msg "Wordpress and Joomla Brute RBL: testwprbl.websitewelcome.com"] [hostname "stremma.com.br"] [uri "/wp-login.php"] [unique_id "aoR_5tO5rbWdOArH04J2EAABdkE"]
[Tue Aug 18 12:53:10.130507 2026] [security2:error] [pid 66623:tid 66790] [client 20.250.27.191:7406] ModSecurity: Access denied with code 409 (phase 1). RBL lookup of 191.27.250.20.vulnscan.websitewelcome.com succeeded at REMOTE_ADDR. [file "/opt/mod_security/hg_rules.conf"] [line "1566"] [id "900933"] [msg "Vulnerability Scan RBL: vulnscan.websitewelcome.com"] [hostname "nolancollection.com.br"] [uri "/nofile.php"] [unique_id "aoR_5tO5rbWdOArH04J2EQAAASI"]
[Tue Aug 18 12:53:10.152511 2026] [security2:error] [pid 66623:tid 66703] [remote 72.167.40.62:53450] ModSecurity: Access denied with code 409 (phase 1). RBL lookup of 62.40.167.72.testwprbl.websitewelcome.com succeeded at REMOTE_ADDR. [file "/opt/mod_security/hg_rules.conf"] [line "176"] [id "900407"] [msg "Wordpress and Joomla Brute RBL: testwprbl.websitewelcome.com"] [hostname "i-databi.com.br"] [uri "/wp-login.php"] [unique_id "aoR_5tO5rbWdOArH04J2EgABH0I"]
[Tue Aug 18 12:53:10.156510 2026] [security2:error] [pid 66623:tid 66774] [client 20.100.169.31:33702] ModSecurity: Access denied with code 409 (phase 1). RBL lookup of 31.169.100.20.vulnscan.websitewelcome.com succeeded at REMOTE_ADDR. [file "/opt/mod_security/hg_rules.conf"] [line "1566"] [id "900933"] [msg "Vulnerability Scan RBL: vulnscan.websitewelcome.com"] [hostname "autodiscover.trokarautomoveis.com.br"] [uri "/wp-good.php"] [unique_id "aoR_5tO5rbWdOArH04J2FAAAARI"]
[Tue Aug 18 12:53:10.160502 2026] [security2:error] [pid 66623:tid 66890] [client 20.65.69.59:15210] ModSecurity: Access denied with code 409 (phase 1). RBL lookup of 59.69.65.20.vulnscan.websitewelcome.com succeeded at REMOTE_ADDR. [file "/opt/mod_security/hg_rules.conf"] [line "1566"] [id "900933"] [msg "Vulnerability Scan RBL: vulnscan.websitewelcome.com"] [hostname "ns254.prodns.com.br"] [uri "/payout.php"] [unique_id "aoR_5tO5rbWdOArH04J2FQAAAYY"]
[Tue Aug 18 12:53:10.182887 2026] [security2:error] [pid 66623:tid 66709] [remote 20.250.27.191:0] ModSecurity: Access denied with code 409 (phase 1). RBL lookup of 191.27.250.20.vulnscan.websitewelcome.com succeeded at REMOTE_ADDR. [file "/opt/mod_security/hg_rules.conf"] [line "1566"] [id "900933"] [msg "Vulnerability Scan RBL: vulnscan.websitewelcome.com"] [hostname "paypix.co"] [uri "/media.php"] [unique_id "aoR_5tO5rbWdOArH04J2GgABdkg"]
[Tue Aug 18 12:53:10.188660 2026] [security2:error] [pid 66623:tid 66710] [remote 74.220.219.216:47970] ModSecurity: Access denied with code 409 (phase 1). RBL lookup of 216.219.220.74.testwprbl.websitewelcome.com succeeded at REMOTE_ADDR. [file "/opt/mod_security/hg_rules.conf"] [line "176"] [id "900407"] [msg "Wordpress and Joomla Brute RBL: testwprbl.websitewelcome.com"] [hostname "ondaparaty.com"] [uri "/wp-login.php"] [unique_id "aoR_5tO5rbWdOArH04J2GwABfEk"]
[Tue Aug 18 12:53:10.189507 2026] [security2:error] [pid 66623:tid 66844] [client 20.91.215.254:22530] ModSecurity: Access denied with code 409 (phase 1). RBL lookup of 254.215.91.20.vulnscan.websitewelcome.com succeeded at REMOTE_ADDR. [file "/opt/mod_security/hg_rules.conf"] [line "1566"] [id "900933"] [msg "Vulnerability Scan RBL: vulnscan.websitewelcome.com"] [hostname "reservamatadapraia.com.br"] [uri "/mah/function.php"] [unique_id "aoR_5tO5rbWdOArH04J2HgAAAVg"]
[Tue Aug 18 12:53:10.192673 2026] [security2:error] [pid 66623:tid 66712] [remote 46.62.208.238:53350] ModSecurity: Access denied with code 409 (phase 1). RBL lookup of 238.208.62.46.testwprbl.websitewelcome.com succeeded at REMOTE_ADDR. [file "/opt/mod_security/hg_rules.conf"] [line "176"] [id "900407"] [msg "Wordpress and Joomla Brute RBL: testwprbl.websitewelcome.com"] [hostname "amp.adv.br"] [uri "/wp-login.php"] [unique_id "aoR_5tO5rbWdOArH04J2HQABg0s"]
[Tue Aug 18 12:53:10.212391 2026] [security2:error] [pid 66623:tid 66852] [client 4.223.164.152:6893] ModSecurity: Access denied with code 409 (phase 1). RBL lookup of 152.164.223.4.vulnscan.websitewelcome.com succeeded at REMOTE_ADDR. [file "/opt/mod_security/hg_rules.conf"] [line "1566"] [id "900933"] [msg "Vulnerability Scan RBL: vulnscan.websitewelcome.com"] [hostname "leve.etc.br"] [uri "/wp-blog.php"] [unique_id "aoR_5tO5rbWdOArH04J2JAAAAWA"]
[Tue Aug 18 12:53:10.219913 2026] [security2:error] [pid 66623:tid 66788] [client 74.7.244.15:45094] ModSecurity: Warning. Matched phrase "oBot" at REQUEST_HEADERS:User-Agent. [file "/opt/mod_security/hg_rules.conf"] [line "168"] [id "350001"] [msg "BAD BOT - Detected LOGGING"] [data "200"] [hostname "www.jx2.com.br.jx2sitesprofissionais.com"] [uri "/index.php"] [unique_id "aoR_5dO5rbWdOArH04J14AABIB8"]
[Tue Aug 18 12:53:10.221510 2026] [authz_core:error] [pid 66623:tid 66715] [remote 57.141.22.51:27560] AH01630: client denied by server configuration: /home1/bioarquitetar/public_html/index.php4
[Tue Aug 18 12:53:10.221932 2026] [authz_core:error] [pid 66623:tid 66715] [remote 57.141.22.51:27560] AH01630: client denied by server configuration: /home1/bioarquitetar/public_html/index.php3
[Tue Aug 18 12:53:10.223800 2026] [security2:error] [pid 66623:tid 66875] [client 149.34.210.141:56234] ModSecurity: Access denied with code 409 (phase 1). RBL lookup of 141.210.34.149.testwprbl.websitewelcome.com succeeded at REMOTE_ADDR. [file "/opt/mod_security/hg_rules.conf"] [line "176"] [id "900407"] [msg "Wordpress and Joomla Brute RBL: testwprbl.websitewelcome.com"] [hostname "galeriadoengenho.com"] [uri "/xmlrpc.php"] [unique_id "aoR_5tO5rbWdOArH04J2KAAAAXc"]
[Tue Aug 18 12:53:10.232474 2026] [security2:error] [pid 66623:tid 66877] [client 45.92.229.104:21259] ModSecurity: Access denied with code 409 (phase 1). RBL lookup of 104.229.92.45.testwprbl.websitewelcome.com succeeded at REMOTE_ADDR. [file "/opt/mod_security/hg_rules.conf"] [line "176"] [id "900407"] [msg "Wordpress and Joomla Brute RBL: testwprbl.websitewelcome.com"] [hostname "ozzyfernandesoficial.com.br"] [uri "/wp-login.php"] [unique_id "aoR_5tO5rbWdOArH04J2JwAAAXk"], referer: https://ozzyfernandesoficial.com.br/wp-login.php
[Tue Aug 18 12:53:10.252772 2026] [security2:error] [pid 66623:tid 66882] [client 74.248.18.37:27708] ModSecurity: Access denied with code 409 (phase 1). RBL lookup of 37.18.248.74.vulnscan.websitewelcome.com succeeded at REMOTE_ADDR. [file "/opt/mod_security/hg_rules.conf"] [line "1566"] [id "900933"] [msg "Vulnerability Scan RBL: vulnscan.websitewelcome.com"] [hostname "mail.ethosconsult.com.br"] [uri "/fone1.php"] [unique_id "aoR_5tO5rbWdOArH04J2LAAAAX4"]
[Tue Aug 18 12:53:10.340155 2026] [security2:error] [pid 66623:tid 66799] [client 20.119.58.187:15315] ModSecurity: Access denied with code 409 (phase 1). RBL lookup of 187.58.119.20.vulnscan.websitewelcome.com succeeded at REMOTE_ADDR. [file "/opt/mod_security/hg_rules.conf"] [line "1566"] [id "900933"] [msg "Vulnerability Scan RBL: vulnscan.websitewelcome.com"] [hostname "whm.raben.xyz"] [uri "/wp-admin/maint/maint/ajax-actions.php"] [unique_id "aoR_5tO5rbWdOArH04J2RAAAASs"]
[Tue Aug 18 12:53:10.347687 2026] [security2:error] [pid 66623:tid 66745] [remote 20.250.27.191:0] ModSecurity: Access denied with code 409 (phase 1). RBL lookup of 191.27.250.20.vulnscan.websitewelcome.com succeeded at REMOTE_ADDR. [file "/opt/mod_security/hg_rules.conf"] [line "1566"] [id "900933"] [msg "Vulnerability Scan RBL: vulnscan.websitewelcome.com"] [hostname "paypix.co"] [uri "/admin.php"] [unique_id "aoR_5tO5rbWdOArH04J2RwABemw"]
[Tue Aug 18 12:53:10.362540 2026] [security2:error] [pid 66623:tid 66790] [client 20.100.177.66:0] ModSecurity: Access denied with code 409 (phase 1). RBL lookup of 66.177.100.20.vulnscan.websitewelcome.com succeeded at REMOTE_ADDR. [file "/opt/mod_security/hg_rules.conf"] [line "1566"] [id "900933"] [msg "Vulnerability Scan RBL: vulnscan.websitewelcome.com"] [hostname "mail.danielimoveispva.com.br"] [uri "/this_is_a_new_hello_world.php"] [unique_id "aoR_5tO5rbWdOArH04J2TgAAASI"]
[Tue Aug 18 12:53:10.373451 2026] [security2:error] [pid 66623:tid 66770] [client 132.196.30.78:0] ModSecurity: Access denied with code 409 (phase 1). RBL lookup of 78.30.196.132.vulnscan.websitewelcome.com succeeded at REMOTE_ADDR. [file "/opt/mod_security/hg_rules.conf"] [line "1566"] [id "900933"] [msg "Vulnerability Scan RBL: vulnscan.websitewelcome.com"] [hostname "mail.nsimoveis.com.br"] [uri "/bgymj.php"] [unique_id "aoR_5tO5rbWdOArH04J2XgAAAQ4"]
[Tue Aug 18 12:53:10.376971 2026] [security2:error] [pid 66623:tid 66790] [client 172.182.200.96:14200] ModSecurity: Access denied with code 409 (phase 1). RBL lookup of 96.200.182.172.vulnscan.websitewelcome.com succeeded at REMOTE_ADDR. [file "/opt/mod_security/hg_rules.conf"] [line "1566"] [id "900933"] [msg "Vulnerability Scan RBL: vulnscan.websitewelcome.com"] [hostname "autodiscover.advocaciasc.com"] [uri "/oivcl.php"] [unique_id "aoR_5tO5rbWdOArH04J2XwAAASI"]
[Tue Aug 18 12:53:10.386018 2026] [security2:error] [pid 66623:tid 66781] [client 213.232.122.14:64853] ModSecurity: Warning. Pattern match "POST" at REQUEST_METHOD. [file "/opt/mod_security/hg_rules.conf"] [line "151"] [id "900405"] [msg "xmlrpc POST logging"] [data "302"] [hostname "acpecasebaterias.com.br"] [uri "/xmlrpc.php"] [unique_id "aoR_5tO5rbWdOArH04J1_QAAARk"]
[Tue Aug 18 12:53:10.403090 2026] [security2:error] [pid 66623:tid 66798] [client 4.223.164.152:37272] ModSecurity: Access denied with code 409 (phase 1). RBL lookup of 152.164.223.4.vulnscan.websitewelcome.com succeeded at REMOTE_ADDR. [file "/opt/mod_security/hg_rules.conf"] [line "1566"] [id "900933"] [msg "Vulnerability Scan RBL: vulnscan.websitewelcome.com"] [hostname "veloxxprodutos.com.br"] [uri "/pucci.php"] [unique_id "aoR_5tO5rbWdOArH04J2YQAAASo"]
[Tue Aug 18 12:53:10.406765 2026] [lsapi:error] [pid 66623:tid 66823] [client 192.178.4.5:61914] [host csleducacional.com.br] Backend fatal error: PHP Fatal error: Uncaught TypeError: implode(): Argument #2 ($array) must be of type ?array, string given in /home3/csleduca/public_html/wp-content/plugins/wp-rocket/vendor/matthiasmullie/minify/src/CSS.php:528\nStack trace:\n#0 /home3/csleduca/public_html/wp-content/plugins/wp-rocket/vendor/matthiasmullie/minify/src/CSS.php(528): implode(Array, '|')\n#1 /home3/csleduca/public_html/wp-content/plugins/wp-rocket/vendor/matthiasmullie/minify/src/CSS.php(314): MatthiasMullie\\Minify\\CSS->shortenColors('.elementor-kit-...')\n#2 /home3/csleduca/public_html/wp-content/plugins/wp-rocket/vendor/matthiasmullie/minify/src/Minify.php(111): MatthiasMullie\\Minify\\CSS->execute(NULL)\n#3 /home3/csleduca/public_html/wp-content/plugins/wp-rocket/inc/classes/optimization/CSS/class-minify.php(175): MatthiasMullie\\Minify\\Minify->minify()\n#4 /home3/csleduca/public_html/wp-content/plugins/wp-rocket/inc/classes/optimization/CSS/class-minify.php(128): WP_Rocket\\Optimization\\CSS\\Minify->minify('/home3/csleduca...', '/home3/csleduca...')\n#5 /home3/csleduca/public_html/wp-content/plugins/wp-rocket/inc/classes/optimization/CSS/class-minify.php(66): WP_Rocket\\Optimization\\CSS\\Minify->replace_url('https://csleduc...')\n#6 /home3/csleduca/public_html/wp-content/plugins/wp-rocket/inc/classes/subscriber/Optimization/class-abstract-minify-subscriber.php(85): WP_Rocket\\Optimization\\CSS\\Minify->optimize('...')\n#7 /home3/csleduca/public_html/wp-content/plugins/wp-rocket/inc/classes/subscriber/Optimization/class-minify-css-subscriber.php(44): WP_Rocket\\Subscriber\\Optimization\\Minify_Subscriber->optimize('...')\n#8 /home3/csleduca/public_html/wp-includes/class-wp-hook.php(341): WP_Rocket\\Subscriber\\Optimization\\Minify_CSS_Subscriber->process('...')\n#9 /home3/csleduca/public_html/wp-includes/plugin.php(205): WP_Hook->apply_filters('...', Array)\n#10 /home3/csleduca/public_html/wp-content/plugins/wp-rocket/inc/classes/Buffer/class-optimization.php(104): apply_filters('rocket_buffer', '...')\n#11 [internal function]: WP_Rocket\\Buffer\\Optimization->maybe_process_buffer('...', 9)\n#12 /home3/csleduca/public_html/wp-includes/functions.php(5493): ob_end_flush()\n#13 /home3/csleduca/public_html/wp-includes/class-wp-hook.php(341): wp_ob_end_flush_all('')\n#14 /home3/csleduca/public_html/wp-includes/class-wp-hook.php(365): WP_Hook->apply_filters(NULL, Array)\n#15 /home3/csleduca/public_html/wp-includes/plugin.php(522): WP_Hook->do_action(Array)\n#16 /home3/csleduca/public_html/wp-includes/load.php(1308): do_action('shutdown')\n#17 [internal function]: shutdown_action_hook()\n#18 {main}\n thrown in /home3/csleduca/public_html/wp-content/plugins/wp-rocket/vendor/matthiasmullie/minify/src/CSS.php on line 528\n
[Tue Aug 18 12:53:10.425524 2026] [security2:error] [pid 66623:tid 66883] [client 160.120.140.123:51051] ModSecurity: Access denied with code 409 (phase 1). RBL lookup of 123.140.120.160.testwprbl.websitewelcome.com succeeded at REMOTE_ADDR. [file "/opt/mod_security/hg_rules.conf"] [line "176"] [id "900407"] [msg "Wordpress and Joomla Brute RBL: testwprbl.websitewelcome.com"] [hostname "circuitofechado.com.br"] [uri "/xmlrpc.php"] [unique_id "aoR_5tO5rbWdOArH04J2YgAAAX8"]
[Tue Aug 18 12:53:10.425744 2026] [security2:error] [pid 66623:tid 66883] [client 160.120.140.123:51051] ModSecurity: Warning. Pattern match "POST" at REQUEST_METHOD. [file "/opt/mod_security/hg_rules.conf"] [line "151"] [id "900405"] [msg "xmlrpc POST logging"] [data "409"] [hostname "circuitofechado.com.br"] [uri "/xmlrpc.php"] [unique_id "aoR_5tO5rbWdOArH04J2YgAAAX8"]
[Tue Aug 18 12:53:10.461444 2026] [security2:error] [pid 66623:tid 66879] [client 178.153.171.161:64444] ModSecurity: Access denied with code 409 (phase 1). RBL lookup of 161.171.153.178.testwprbl.websitewelcome.com succeeded at REMOTE_ADDR. [file "/opt/mod_security/hg_rules.conf"] [line "176"] [id "900407"] [msg "Wordpress and Joomla Brute RBL: testwprbl.websitewelcome.com"] [hostname "jx2.com.br"] [uri "/xmlrpc.php"] [unique_id "aoR_5tO5rbWdOArH04J2ZAAAAXs"]
[Tue Aug 18 12:53:10.461632 2026] [security2:error] [pid 66623:tid 66879] [client 178.153.171.161:64444] ModSecurity: Warning. Pattern match "POST" at REQUEST_METHOD. [file "/opt/mod_security/hg_rules.conf"] [line "151"] [id "900405"] [msg "xmlrpc POST logging"] [data "409"] [hostname "jx2.com.br"] [uri "/xmlrpc.php"] [unique_id "aoR_5tO5rbWdOArH04J2ZAAAAXs"]
[Tue Aug 18 12:53:10.478546 2026] [security2:error] [pid 66623:tid 66852] [client 20.171.51.14:29246] ModSecurity: Access denied with code 409 (phase 1). RBL lookup of 14.51.171.20.vulnscan.websitewelcome.com succeeded at REMOTE_ADDR. [file "/opt/mod_security/hg_rules.conf"] [line "1566"] [id "900933"] [msg "Vulnerability Scan RBL: vulnscan.websitewelcome.com"] [hostname "jcarvalhoimport.com.br"] [uri "/ry.php"] [unique_id "aoR_5tO5rbWdOArH04J2ZgAAAWA"]
[Tue Aug 18 12:53:10.491126 2026] [security2:error] [pid 66623:tid 66800] [client 20.65.69.59:60126] ModSecurity: Access denied with code 409 (phase 1). RBL lookup of 59.69.65.20.vulnscan.websitewelcome.com succeeded at REMOTE_ADDR. [file "/opt/mod_security/hg_rules.conf"] [line "1566"] [id "900933"] [msg "Vulnerability Scan RBL: vulnscan.websitewelcome.com"] [hostname "ns254.prodns.com.br"] [uri "/bh.php"] [unique_id "aoR_5tO5rbWdOArH04J2aAAAASw"]
[Tue Aug 18 12:53:10.491426 2026] [security2:error] [pid 66623:tid 66875] [client 149.34.210.141:56234] ModSecurity: Warning. Pattern match "POST" at REQUEST_METHOD. [file "/opt/mod_security/hg_rules.conf"] [line "151"] [id "900405"] [msg "xmlrpc POST logging"] [data "409"] [hostname "galeriadoengenho.com"] [uri "/xmlrpc.php"] [unique_id "aoR_5tO5rbWdOArH04J2KAAAAXc"]
[Tue Aug 18 12:53:10.518786 2026] [security2:error] [pid 66623:tid 66799] [client 20.104.100.201:53830] ModSecurity: Access denied with code 409 (phase 1). RBL lookup of 201.100.104.20.vulnscan.websitewelcome.com succeeded at REMOTE_ADDR. [file "/opt/mod_security/hg_rules.conf"] [line "1566"] [id "900933"] [msg "Vulnerability Scan RBL: vulnscan.websitewelcome.com"] [hostname "contabileconomy.com.br"] [uri "/az.php"] [unique_id "aoR_5tO5rbWdOArH04J2agAAASs"]
[Tue Aug 18 12:53:10.519307 2026] [security2:error] [pid 66623:tid 66674] [remote 20.250.27.191:0] ModSecurity: Access denied with code 409 (phase 1). RBL lookup of 191.27.250.20.vulnscan.websitewelcome.com succeeded at REMOTE_ADDR. [file "/opt/mod_security/hg_rules.conf"] [line "1566"] [id "900933"] [msg "Vulnerability Scan RBL: vulnscan.websitewelcome.com"] [hostname "paypix.co"] [uri "/mac.php"] [unique_id "aoR_5tO5rbWdOArH04J2aQABIyU"]
[Tue Aug 18 12:53:10.543190 2026] [security2:error] [pid 66623:tid 66838] [client 132.196.61.152:54746] ModSecurity: Access denied with code 409 (phase 1). RBL lookup of 152.61.196.132.vulnscan.websitewelcome.com succeeded at REMOTE_ADDR. [file "/opt/mod_security/hg_rules.conf"] [line "1566"] [id "900933"] [msg "Vulnerability Scan RBL: vulnscan.websitewelcome.com"] [hostname "cpcontacts.rkveiculos.com"] [uri "/file1221.php"] [unique_id "aoR_5tO5rbWdOArH04J2awAAAVI"]
[Tue Aug 18 12:53:10.556727 2026] [security2:error] [pid 66623:tid 66883] [client 68.221.73.131:4313] ModSecurity: Access denied with code 409 (phase 1). RBL lookup of 131.73.221.68.vulnscan.websitewelcome.com succeeded at REMOTE_ADDR. [file "/opt/mod_security/hg_rules.conf"] [line "1566"] [id "900933"] [msg "Vulnerability Scan RBL: vulnscan.websitewelcome.com"] [hostname "autodiscover.rotta101.com.br"] [uri "/file1221.php"] [unique_id "aoR_5tO5rbWdOArH04J2bAAAAX8"]
[Tue Aug 18 12:53:10.585175 2026] [security2:error] [pid 66623:tid 66869] [client 158.158.74.177:13804] ModSecurity: Access denied with code 409 (phase 1). RBL lookup of 177.74.158.158.vulnscan.websitewelcome.com succeeded at REMOTE_ADDR. [file "/opt/mod_security/hg_rules.conf"] [line "1566"] [id "900933"] [msg "Vulnerability Scan RBL: vulnscan.websitewelcome.com"] [hostname "mail.anmultimarcas.com.br"] [uri "/wp-content/plugins/seoo/ulc2.php"] [unique_id "aoR_5tO5rbWdOArH04J2cgAAAXE"]
[Tue Aug 18 12:53:10.609200 2026] [security2:error] [pid 66623:tid 66794] [client 20.250.27.191:7889] ModSecurity: Access denied with code 409 (phase 1). RBL lookup of 191.27.250.20.vulnscan.websitewelcome.com succeeded at REMOTE_ADDR. [file "/opt/mod_security/hg_rules.conf"] [line "1566"] [id "900933"] [msg "Vulnerability Scan RBL: vulnscan.websitewelcome.com"] [hostname "nolancollection.com.br"] [uri "/fling.php"] [unique_id "aoR_5tO5rbWdOArH04J2dQAAASY"]
[Tue Aug 18 12:53:10.635149 2026] [security2:error] [pid 66623:tid 66788] [client 52.173.121.69:17923] ModSecurity: Access denied with code 409 (phase 1). RBL lookup of 69.121.173.52.vulnscan.websitewelcome.com succeeded at REMOTE_ADDR. [file "/opt/mod_security/hg_rules.conf"] [line "1566"] [id "900933"] [msg "Vulnerability Scan RBL: vulnscan.websitewelcome.com"] [hostname "_dc-mx.e543121cd56c.eduardocardosocorretor.com.br"] [uri "/wp-includes/Text/Diff/Engine/upload.php"] [unique_id "aoR_5tO5rbWdOArH04J2dwAAASA"]
[Tue Aug 18 12:53:10.692652 2026] [http2:info] [pid 67073:tid 67073] h2_workers: created with min=128 max=192 idle_ms=600000
[Tue Aug 18 12:53:10.695349 2026] [security2:error] [pid 66623:tid 66885] [client 74.248.18.37:26681] ModSecurity: Access denied with code 409 (phase 1). RBL lookup of 37.18.248.74.vulnscan.websitewelcome.com succeeded at REMOTE_ADDR. [file "/opt/mod_security/hg_rules.conf"] [line "1566"] [id "900933"] [msg "Vulnerability Scan RBL: vulnscan.websitewelcome.com"] [hostname "cpcontacts.melocorretordeimoveis.com.br"] [uri "/wp.php"] [unique_id "aoR_5tO5rbWdOArH04J2fgAAAYE"]
[Tue Aug 18 12:53:10.701140 2026] [security2:error] [pid 66623:tid 66796] [client 20.119.58.187:14838] ModSecurity: Access denied with code 409 (phase 1). RBL lookup of 187.58.119.20.vulnscan.websitewelcome.com succeeded at REMOTE_ADDR. [file "/opt/mod_security/hg_rules.conf"] [line "1566"] [id "900933"] [msg "Vulnerability Scan RBL: vulnscan.websitewelcome.com"] [hostname "whm.raben.xyz"] [uri "/wp-admin/dropdown.php"] [unique_id "aoR_5tO5rbWdOArH04J2gAAAASg"]
[Tue Aug 18 12:53:10.704198 2026] [security2:error] [pid 66623:tid 66791] [client 68.155.154.236:63931] ModSecurity: Access denied with code 409 (phase 1). RBL lookup of 236.154.155.68.vulnscan.websitewelcome.com succeeded at REMOTE_ADDR. [file "/opt/mod_security/hg_rules.conf"] [line "1566"] [id "900933"] [msg "Vulnerability Scan RBL: vulnscan.websitewelcome.com"] [hostname "mail.teodorojunior.com.br"] [uri "/wp-includes/html-api/QxXX0h.php"] [unique_id "aoR_5tO5rbWdOArH04J2gQAAASM"]
[Tue Aug 18 12:53:10.708493 2026] [security2:error] [pid 66623:tid 66792] [client 47.128.54.59:51252] ModSecurity: Access denied with code 406 (phase 1). Pattern match "ZoominfoBot|NetcraftSurveyAgent|MJ12bot|(?i:BUbiNG)|D(?i:otbot)| oBot/|MegaIndex\\\\.ru|Barkrowler|Spbot|DomainCrawler|Seznam|CCBot|SiteExplorer|OpenLinkProfiler|Sogou web spider|360Spider|Semrush|Panscient|crawler\\\\.feedback([+]\\\\S+)?@gmail\\\\.com|MauiBo ..." at REQUEST_HEADERS:User-Agent. [file "/opt/mod_security/hg_rules.conf"] [line "585"] [id "999812"] [msg "Problematic Crawler"] [hostname "aesexaustores.com.br"] [uri "/robots.txt"] [unique_id "aoR_5tO5rbWdOArH04J2ggAAASQ"]
[Tue Aug 18 12:53:10.717259 2026] [security2:error] [pid 66623:tid 66694] [remote 20.250.27.191:0] ModSecurity: Warning. Pattern match "/1\\\\.php" at REQUEST_URI. [file "/opt/mod_security/hg_rules.conf"] [line "1543"] [id "900921"] [msg "temporary TUW-72162 logging rule"] [hostname "paypix.co"] [uri "/1.php"] [unique_id "aoR_5tO5rbWdOArH04J2gwABeTk"]
[Tue Aug 18 12:53:10.717405 2026] [security2:error] [pid 66623:tid 66694] [remote 20.250.27.191:0] ModSecurity: Access denied with code 409 (phase 1). RBL lookup of 191.27.250.20.vulnscan.websitewelcome.com succeeded at REMOTE_ADDR. [file "/opt/mod_security/hg_rules.conf"] [line "1566"] [id "900933"] [msg "Vulnerability Scan RBL: vulnscan.websitewelcome.com"] [hostname "paypix.co"] [uri "/1.php"] [unique_id "aoR_5tO5rbWdOArH04J2gwABeTk"]
[Tue Aug 18 12:53:10.718251 2026] [security2:error] [pid 66623:tid 66694] [remote 72.167.40.62:42624] ModSecurity: Access denied with code 409 (phase 1). RBL lookup of 62.40.167.72.testwprbl.websitewelcome.com succeeded at REMOTE_ADDR. [file "/opt/mod_security/hg_rules.conf"] [line "176"] [id "900407"] [msg "Wordpress and Joomla Brute RBL: testwprbl.websitewelcome.com"] [hostname "maxhost.com.br"] [uri "/wp-login.php"] [unique_id "aoR_5tO5rbWdOArH04J2hAABEjk"]
[Tue Aug 18 12:53:10.720572 2026] [security2:error] [pid 66623:tid 66779] [client 85.154.68.202:56134] ModSecurity: Access denied with code 409 (phase 1). RBL lookup of 202.68.154.85.testwprbl.websitewelcome.com succeeded at REMOTE_ADDR. [file "/opt/mod_security/hg_rules.conf"] [line "176"] [id "900407"] [msg "Wordpress and Joomla Brute RBL: testwprbl.websitewelcome.com"] [hostname "faroleditorial.com"] [uri "/xmlrpc.php"] [unique_id "aoR_5tO5rbWdOArH04J2hQAAARc"]
[Tue Aug 18 12:53:10.720846 2026] [security2:error] [pid 66623:tid 66779] [client 85.154.68.202:56134] ModSecurity: Warning. Pattern match "POST" at REQUEST_METHOD. [file "/opt/mod_security/hg_rules.conf"] [line "151"] [id "900405"] [msg "xmlrpc POST logging"] [data "409"] [hostname "faroleditorial.com"] [uri "/xmlrpc.php"] [unique_id "aoR_5tO5rbWdOArH04J2hQAAARc"]
[Tue Aug 18 12:53:10.728253 2026] [security2:error] [pid 66623:tid 66783] [client 20.100.177.66:0] ModSecurity: Access denied with code 409 (phase 1). RBL lookup of 66.177.100.20.vulnscan.websitewelcome.com succeeded at REMOTE_ADDR. [file "/opt/mod_security/hg_rules.conf"] [line "1566"] [id "900933"] [msg "Vulnerability Scan RBL: vulnscan.websitewelcome.com"] [hostname "mail.danielimoveispva.com.br"] [uri "/4PJcpMFsD8B.php"] [unique_id "aoR_5tO5rbWdOArH04J2hwAAARs"]
[Tue Aug 18 12:53:10.828807 2026] [security2:error] [pid 66623:tid 66814] [client 74.248.18.37:62822] ModSecurity: Access denied with code 409 (phase 1). RBL lookup of 37.18.248.74.vulnscan.websitewelcome.com succeeded at REMOTE_ADDR. [file "/opt/mod_security/hg_rules.conf"] [line "1566"] [id "900933"] [msg "Vulnerability Scan RBL: vulnscan.websitewelcome.com"] [hostname "atinslencoisadventure.tur.br"] [uri "/lock360.php"] [unique_id "aoR_5tO5rbWdOArH04J2lAAAATo"]
[Tue Aug 18 12:53:10.831340 2026] [security2:error] [pid 66623:tid 66889] [client 34.178.149.167:45784] ModSecurity: Access denied with code 406 (phase 1). Match of "rx ^/llms.txt" against "REQUEST_URI" required. [file "/opt/mod_security/hg_rules.conf"] [line "588"] [id "999814"] [msg "Misbehaving AI Crawler"] [hostname "www.blueorbit.com.br"] [uri "/database.sql"] [unique_id "aoR_5tO5rbWdOArH04J2lgAAAYU"]
[Tue Aug 18 12:53:10.832330 2026] [security2:error] [pid 66623:tid 66846] [client 157.51.166.53:49178] ModSecurity: Access denied with code 409 (phase 1). RBL lookup of 53.166.51.157.testwprbl.websitewelcome.com succeeded at REMOTE_ADDR. [file "/opt/mod_security/hg_rules.conf"] [line "176"] [id "900407"] [msg "Wordpress and Joomla Brute RBL: testwprbl.websitewelcome.com"] [hostname "portalosol.com.br"] [uri "/xmlrpc.php"] [unique_id "aoR_5tO5rbWdOArH04J2lQAAAVo"]
[Tue Aug 18 12:53:10.832463 2026] [security2:error] [pid 67073:tid 67208] [client 132.196.61.152:54762] ModSecurity: Access denied with code 409 (phase 1). RBL lookup of 152.61.196.132.vulnscan.websitewelcome.com succeeded at REMOTE_ADDR. [file "/opt/mod_security/hg_rules.conf"] [line "1566"] [id "900933"] [msg "Vulnerability Scan RBL: vulnscan.websitewelcome.com"] [hostname "cpcontacts.rkveiculos.com"] [uri "/inx.php"] [unique_id "aoR_5vcmepr5_nHgLbMpXAAAAhc"]
[Tue Aug 18 12:53:10.832481 2026] [security2:error] [pid 66623:tid 66846] [client 157.51.166.53:49178] ModSecurity: Warning. Pattern match "POST" at REQUEST_METHOD. [file "/opt/mod_security/hg_rules.conf"] [line "151"] [id "900405"] [msg "xmlrpc POST logging"] [data "409"] [hostname "portalosol.com.br"] [uri "/xmlrpc.php"] [unique_id "aoR_5tO5rbWdOArH04J2lQAAAVo"]
[Tue Aug 18 12:53:10.836580 2026] [security2:error] [pid 67073:tid 67206] [client 20.42.19.40:2713] ModSecurity: Access denied with code 409 (phase 1). RBL lookup of 40.19.42.20.vulnscan.websitewelcome.com succeeded at REMOTE_ADDR. [file "/opt/mod_security/hg_rules.conf"] [line "1566"] [id "900933"] [msg "Vulnerability Scan RBL: vulnscan.websitewelcome.com"] [hostname "autodiscover.pousadarecantofeliz.com"] [uri "/ioxi-o.php"] [unique_id "aoR_5vcmepr5_nHgLbMpXQAAAhU"]
[Tue Aug 18 12:53:10.848162 2026] [security2:error] [pid 66623:tid 66860] [client 34.178.149.167:45782] ModSecurity: Access denied with code 406 (phase 1). Match of "rx ^/llms.txt" against "REQUEST_URI" required. [file "/opt/mod_security/hg_rules.conf"] [line "588"] [id "999814"] [msg "Misbehaving AI Crawler"] [hostname "www.blueorbit.com.br"] [uri "/.ssh/id_ed25519"] [unique_id "aoR_5tO5rbWdOArH04J2mQAAAWg"]
[Tue Aug 18 12:53:10.850319 2026] [security2:error] [pid 66623:tid 66772] [client 34.178.149.167:45778] ModSecurity: Access denied with code 406 (phase 1). Match of "rx ^/llms.txt" against "REQUEST_URI" required. [file "/opt/mod_security/hg_rules.conf"] [line "588"] [id "999814"] [msg "Misbehaving AI Crawler"] [hostname "www.blueorbit.com.br"] [uri "/telescope/requests"] [unique_id "aoR_5tO5rbWdOArH04J2nAAAARA"]
[Tue Aug 18 12:53:10.852348 2026] [security2:error] [pid 66623:tid 66837] [client 168.62.48.100:16376] ModSecurity: Access denied with code 409 (phase 1). RBL lookup of 100.48.62.168.vulnscan.websitewelcome.com succeeded at REMOTE_ADDR. [file "/opt/mod_security/hg_rules.conf"] [line "1566"] [id "900933"] [msg "Vulnerability Scan RBL: vulnscan.websitewelcome.com"] [hostname "journeyxperience.com"] [uri "/wp-content/plugins/hellopress/wp_filemanager.php"] [unique_id "aoR_5tO5rbWdOArH04J2ngAAAVE"]
[Tue Aug 18 12:53:10.854752 2026] [security2:error] [pid 66623:tid 66785] [client 34.178.149.167:45748] ModSecurity: Access denied with code 406 (phase 2). Pattern match "\\\\.sql$" at REQUEST_FILENAME. [file "/etc/httpd/modsecurity.d/10_asl_rules.conf"] [line "1288"] [id "350590"] [rev "2"] [msg "Atomicorp.com WAF Rules: Attack Blocked - Data leakage - attempt to access raw SQL files (disable this rule if you require access to files that end with .sql)"] [severity "CRITICAL"] [hostname "www.blueorbit.com.br"] [uri "/dump.sql"] [unique_id "aoR_5tO5rbWdOArH04J2mgAAAR0"]
[Tue Aug 18 12:53:10.857779 2026] [security2:error] [pid 66623:tid 66789] [client 34.178.149.167:45722] ModSecurity: Access denied with code 406 (phase 2). Pattern match "\\\\.sql$" at REQUEST_FILENAME. [file "/etc/httpd/modsecurity.d/10_asl_rules.conf"] [line "1288"] [id "350590"] [rev "2"] [msg "Atomicorp.com WAF Rules: Attack Blocked - Data leakage - attempt to access raw SQL files (disable this rule if you require access to files that end with .sql)"] [severity "CRITICAL"] [hostname "www.blueorbit.com.br"] [uri "/backup.sql"] [unique_id "aoR_5tO5rbWdOArH04J2oAAAASE"]
[Tue Aug 18 12:53:10.877489 2026] [security2:error] [pid 66623:tid 66848] [client 34.178.149.167:45840] ModSecurity: Access denied with code 409 (phase 1). RBL lookup of 167.149.178.34.vulnscan.websitewelcome.com succeeded at REMOTE_ADDR. [file "/opt/mod_security/hg_rules.conf"] [line "1566"] [id "900933"] [msg "Vulnerability Scan RBL: vulnscan.websitewelcome.com"] [hostname "www.blueorbit.com.br"] [uri "/info.php"] [unique_id "aoR_5tO5rbWdOArH04J2pgAAAVw"]
[Tue Aug 18 12:53:10.878806 2026] [security2:error] [pid 66623:tid 66704] [remote 20.250.27.191:0] ModSecurity: Access denied with code 409 (phase 1). RBL lookup of 191.27.250.20.vulnscan.websitewelcome.com succeeded at REMOTE_ADDR. [file "/opt/mod_security/hg_rules.conf"] [line "1566"] [id "900933"] [msg "Vulnerability Scan RBL: vulnscan.websitewelcome.com"] [hostname "paypix.co"] [uri "/coffee.php"] [unique_id "aoR_5tO5rbWdOArH04J2pwABcUM"]
[Tue Aug 18 12:53:10.887874 2026] [security2:error] [pid 66623:tid 66787] [client 20.65.69.59:36362] ModSecurity: Access denied with code 409 (phase 1). RBL lookup of 59.69.65.20.vulnscan.websitewelcome.com succeeded at REMOTE_ADDR. [file "/opt/mod_security/hg_rules.conf"] [line "1566"] [id "900933"] [msg "Vulnerability Scan RBL: vulnscan.websitewelcome.com"] [hostname "ns254.prodns.com.br"] [uri "/ct.php"] [unique_id "aoR_5tO5rbWdOArH04J2qAAAAR8"]
[Tue Aug 18 12:53:10.894717 2026] [autoindex:error] [pid 66623:tid 66847] [client 4.223.164.152:37301] AH01276: Cannot serve directory /home2/veloxx/public_html/wp-includes/blocks/details/: No matching DirectoryIndex (index.html.var,index.htm,index.html,index.shtml,index.xhtml,index.wml,index.perl,index.pl,index.plx,index.ppl,index.cgi,index.jsp,index.js,index.jp,index.php4,index.php3,index.php,index.phtml,default.htm,default.html,home.htm,index.php5,Default.html,Default.htm,home.html) found, and server-generated directory index forbidden by Options directive
[Tue Aug 18 12:53:10.899902 2026] [security2:error] [pid 66623:tid 66873] [client 37.40.227.74:56893] ModSecurity: Access denied with code 409 (phase 1). RBL lookup of 74.227.40.37.testwprbl.websitewelcome.com succeeded at REMOTE_ADDR. [file "/opt/mod_security/hg_rules.conf"] [line "176"] [id "900407"] [msg "Wordpress and Joomla Brute RBL: testwprbl.websitewelcome.com"] [hostname "scaclinic.com.br"] [uri "/xmlrpc.php"] [unique_id "aoR_5tO5rbWdOArH04J2qgAAAXU"]
[Tue Aug 18 12:53:10.900056 2026] [security2:error] [pid 66623:tid 66873] [client 37.40.227.74:56893] ModSecurity: Warning. Pattern match "POST" at REQUEST_METHOD. [file "/opt/mod_security/hg_rules.conf"] [line "151"] [id "900405"] [msg "xmlrpc POST logging"] [data "409"] [hostname "scaclinic.com.br"] [uri "/xmlrpc.php"] [unique_id "aoR_5tO5rbWdOArH04J2qgAAAXU"]
[Tue Aug 18 12:53:10.959603 2026] [security2:error] [pid 66623:tid 66770] [client 34.178.149.167:45846] ModSecurity: Access denied with code 406 (phase 1). Match of "rx ^/llms.txt" against "REQUEST_URI" required. [file "/opt/mod_security/hg_rules.conf"] [line "588"] [id "999814"] [msg "Misbehaving AI Crawler"] [hostname "www.blueorbit.com.br"] [uri "/.ssh/id_rsa"] [unique_id "aoR_5tO5rbWdOArH04J2rwAAAQ4"]
[Tue Aug 18 12:53:10.980620 2026] [security2:error] [pid 66623:tid 66852] [client 68.221.73.131:4800] ModSecurity: Access denied with code 409 (phase 1). RBL lookup of 131.73.221.68.vulnscan.websitewelcome.com succeeded at REMOTE_ADDR. [file "/opt/mod_security/hg_rules.conf"] [line "1566"] [id "900933"] [msg "Vulnerability Scan RBL: vulnscan.websitewelcome.com"] [hostname "autodiscover.rotta101.com.br"] [uri "/inx.php"] [unique_id "aoR_5tO5rbWdOArH04J2sQAAAWA"]
[Tue Aug 18 12:53:11.004383 2026] [security2:error] [pid 67073:tid 67218] [client 20.48.236.86:65088] ModSecurity: Access denied with code 409 (phase 1). RBL lookup of 86.236.48.20.vulnscan.websitewelcome.com succeeded at REMOTE_ADDR. [file "/opt/mod_security/hg_rules.conf"] [line "1566"] [id "900933"] [msg "Vulnerability Scan RBL: vulnscan.websitewelcome.com"] [hostname "m2mit.info"] [uri "/media.php"] [unique_id "aoR_5_cmepr5_nHgLbMpYQAAAiE"]
[Tue Aug 18 12:53:11.018086 2026] [security2:error] [pid 66623:tid 66836] [client 74.248.18.37:41349] ModSecurity: Access denied with code 409 (phase 1). RBL lookup of 37.18.248.74.vulnscan.websitewelcome.com succeeded at REMOTE_ADDR. [file "/opt/mod_security/hg_rules.conf"] [line "1566"] [id "900933"] [msg "Vulnerability Scan RBL: vulnscan.websitewelcome.com"] [hostname "mail.ethosconsult.com.br"] [uri "/ncx.php"] [unique_id "aoR_59O5rbWdOArH04J2vAAAAVA"]
[Tue Aug 18 12:53:11.049048 2026] [security2:error] [pid 66623:tid 66676] [remote 20.250.27.191:0] ModSecurity: Access denied with code 409 (phase 1). RBL lookup of 191.27.250.20.vulnscan.websitewelcome.com succeeded at REMOTE_ADDR. [file "/opt/mod_security/hg_rules.conf"] [line "1566"] [id "900933"] [msg "Vulnerability Scan RBL: vulnscan.websitewelcome.com"] [hostname "paypix.co"] [uri "/classwithtostring.php"] [unique_id "aoR_59O5rbWdOArH04J2wAABKyc"]
[Tue Aug 18 12:53:11.068461 2026] [security2:error] [pid 66623:tid 66866] [client 20.250.27.191:7934] ModSecurity: Access denied with code 409 (phase 1). RBL lookup of 191.27.250.20.vulnscan.websitewelcome.com succeeded at REMOTE_ADDR. [file "/opt/mod_security/hg_rules.conf"] [line "1566"] [id "900933"] [msg "Vulnerability Scan RBL: vulnscan.websitewelcome.com"] [hostname "nolancollection.com.br"] [uri "/zoo1.php"] [unique_id "aoR_59O5rbWdOArH04J21gAAAW4"]
[Tue Aug 18 12:53:11.072039 2026] [security2:error] [pid 67073:tid 67205] [client 213.35.127.232:64398] ModSecurity: Access denied with code 409 (phase 1). RBL lookup of 232.127.35.213.testwprbl.websitewelcome.com succeeded at REMOTE_ADDR. [file "/opt/mod_security/hg_rules.conf"] [line "176"] [id "900407"] [msg "Wordpress and Joomla Brute RBL: testwprbl.websitewelcome.com"] [hostname "wondermoving.com"] [uri "/wp-login.php"] [unique_id "aoR_5_cmepr5_nHgLbMpYwAAAhQ"], referer: https://wondermoving.com/wp-login.php
[Tue Aug 18 12:53:11.076736 2026] [security2:error] [pid 66623:tid 66778] [client 20.119.58.187:15323] ModSecurity: Access denied with code 409 (phase 1). RBL lookup of 187.58.119.20.vulnscan.websitewelcome.com succeeded at REMOTE_ADDR. [file "/opt/mod_security/hg_rules.conf"] [line "1566"] [id "900933"] [msg "Vulnerability Scan RBL: vulnscan.websitewelcome.com"] [hostname "whm.raben.xyz"] [uri "/wp-admin/css/index.php"] [unique_id "aoR_59O5rbWdOArH04J25QAAARY"]
[Tue Aug 18 12:53:11.089553 2026] [security2:error] [pid 67073:tid 67220] [client 168.62.48.100:16318] ModSecurity: Access denied with code 409 (phase 1). RBL lookup of 100.48.62.168.vulnscan.websitewelcome.com succeeded at REMOTE_ADDR. [file "/opt/mod_security/hg_rules.conf"] [line "1566"] [id "900933"] [msg "Vulnerability Scan RBL: vulnscan.websitewelcome.com"] [hostname "journeyxperience.com"] [uri "/this_is_a_new_hello_world.php"] [unique_id "aoR_5_cmepr5_nHgLbMpZAAAAiM"]
[Tue Aug 18 12:53:11.130040 2026] [security2:error] [pid 67073:tid 67221] [client 4.223.164.152:6613] ModSecurity: Access denied with code 409 (phase 1). RBL lookup of 152.164.223.4.vulnscan.websitewelcome.com succeeded at REMOTE_ADDR. [file "/opt/mod_security/hg_rules.conf"] [line "1566"] [id "900933"] [msg "Vulnerability Scan RBL: vulnscan.websitewelcome.com"] [hostname "leve.etc.br"] [uri "/adminfuns.php"] [unique_id "aoR_5_cmepr5_nHgLbMpZQAAAiQ"]
[Tue Aug 18 12:53:11.172731 2026] [security2:error] [pid 66623:tid 66808] [client 132.196.61.152:23817] ModSecurity: Access denied with code 409 (phase 1). RBL lookup of 152.61.196.132.vulnscan.websitewelcome.com succeeded at REMOTE_ADDR. [file "/opt/mod_security/hg_rules.conf"] [line "1566"] [id "900933"] [msg "Vulnerability Scan RBL: vulnscan.websitewelcome.com"] [hostname "cpcontacts.rkveiculos.com"] [uri "/reviall.php"] [unique_id "aoR_59O5rbWdOArH04J2-wAAATQ"]
[Tue Aug 18 12:53:11.223516 2026] [security2:error] [pid 66623:tid 66692] [remote 20.250.27.191:0] ModSecurity: Access denied with code 409 (phase 1). RBL lookup of 191.27.250.20.vulnscan.websitewelcome.com succeeded at REMOTE_ADDR. [file "/opt/mod_security/hg_rules.conf"] [line "1566"] [id "900933"] [msg "Vulnerability Scan RBL: vulnscan.websitewelcome.com"] [hostname "paypix.co"] [uri "/wp-ws68.php"] [unique_id "aoR_59O5rbWdOArH04J3BQABXzc"]
[Tue Aug 18 12:53:11.238679 2026] [security2:error] [pid 66623:tid 66819] [client 20.171.51.14:29193] ModSecurity: Access denied with code 409 (phase 1). RBL lookup of 14.51.171.20.vulnscan.websitewelcome.com succeeded at REMOTE_ADDR. [file "/opt/mod_security/hg_rules.conf"] [line "1566"] [id "900933"] [msg "Vulnerability Scan RBL: vulnscan.websitewelcome.com"] [hostname "jcarvalhoimport.com.br"] [uri "/pm.php"] [unique_id "aoR_59O5rbWdOArH04J3BwAAAT8"]
[Tue Aug 18 12:53:11.240284 2026] [security2:error] [pid 67073:tid 67227] [client 20.65.69.59:40378] ModSecurity: Access denied with code 409 (phase 1). RBL lookup of 59.69.65.20.vulnscan.websitewelcome.com succeeded at REMOTE_ADDR. [file "/opt/mod_security/hg_rules.conf"] [line "1566"] [id "900933"] [msg "Vulnerability Scan RBL: vulnscan.websitewelcome.com"] [hostname "ns254.prodns.com.br"] [uri "/gy.php"] [unique_id "aoR_5_cmepr5_nHgLbMpZgAAAio"]
